 + 69*r - 440. Let m be p(7). What is the highest common divisor of m and 85?
85
Suppose -4*m + 0*m = 2*l + 2, 5*m + 52 = 3*l. What is the greatest common factor of 144 and l?
9
Let d = 9 + -6. Let c(o) = o**2 - 4. Let f be c(3). Let w be f/(25/90) - 3. Calculate the highest common divisor of w and d.
3
Suppose -754 = -3*c + 2*w - 4*w, 5*c = w + 1248. What is the highest common factor of 20 and c?
10
Let q(r) = -9*r - 60. Let c be q(-17). What is the greatest common divisor of c and 31?
31
Suppose -4*y = -2*y, -14 = -2*z + 4*y. Suppose -3*d - 224 = -z*d. What is the greatest common divisor of d and 7?
7
Let o be (-6)/((-72)/20)*3. Suppose -o*f = -2*u + 1 - 37, -4*u = f - 16. What is the greatest common divisor of f and 4?
4
Let w(v) = 2*v - 24. Let o(m) = 6*m - 71. Let a(t) = -3*o(t) + 8*w(t). Let c be a(9). Suppose -c*k = -k - 60. Calculate the greatest common divisor of 3 and k.
3
Suppose 0*q + 3*g = -2*q + 21, -q - g = -8. Let r be 4 - ((-9)/q + 3). Calculate the highest common divisor of r and 6.
2
Suppose -2 = -2*b - 34*i + 29*i, -75 = -5*b + 5*i. What is the highest common divisor of 22 and b?
11
Let t be (2 - 0) + 3*(-33 - -4). Let v = 88 + t. What is the greatest common factor of 69 and v?
3
Let d = -9982 + 10046. Suppose 0 = h + 4*h - 80. What is the greatest common factor of d and h?
16
Let c(x) = 106*x - 2. Let b be c(1). Calculate the greatest common factor of b and 16.
8
Suppose 0*d + 20 = 5*d. Let v be 23/2 + 0 + (-2)/d. Let t = -2 - -3. Calculate the highest common factor of v and t.
1
Let a(o) = o**2 + 6*o + 3. Let s be a(-6). Let k(p) = 2*p - 11. Let w be k(13). Let r be 1*s*w/45. What is the highest common factor of 1 and r?
1
Let c = 4249 - 4214. Suppose -4*m = -22 - 6. Calculate the greatest common divisor of c and m.
7
Suppose -5*j = -3*f + 26, -3*f - 2*j - 2 = -0*j. Let r be (-3)/1*100/(-150). What is the greatest common divisor of f and r?
2
Let h be (-15)/(-2)*(-308)/(-33). Let s = -12 - -26. Calculate the highest common factor of h and s.
14
Suppose 0 = -f + 43 - 18. Calculate the highest common factor of 20 and f.
5
Suppose -5*k - w + 204 = 0, -4*k + 4*w + 60 = -84. Calculate the highest common divisor of 20 and k.
20
Let f(w) = -w**2 - 6*w + 6. Let o be f(-4). Calculate the highest common factor of 168 and o.
14
Suppose 3*r + 2004 = -2*r + 2*i, 0 = 5*r + 3*i + 1994. Let n = 715 + r. Calculate the greatest common factor of 35 and n.
35
Let r = 698 - -44. Calculate the highest common factor of 28 and r.
14
Let b = -25 - -49. Suppose 5*n = -4*z + 369, -2*z + 201 = -0*n - 3*n. Calculate the highest common divisor of b and z.
24
Suppose -2*b + 6*b = 5*m - 3557, -2*m + 3*b = -1420. What is the highest common divisor of m and 31?
31
Suppose -f = -a + f + 124, -3*a + 4*f + 382 = 0. What is the highest common divisor of 67 and a?
67
Suppose 0 = -20*a + 2906 + 2014. What is the highest common factor of 574 and a?
82
Suppose 0 = -0*h - 4*h + 20. Let s(l) = l**3 - 4*l**2 - 4*l + 13. Let y be s(h). Calculate the greatest common factor of y and 12.
6
Suppose 6*p + 9 = 9*p. Suppose -15 = -2*o + p*w, w = -5*o - 4*w. Let y be 3 + (-1 - -1) + o. Calculate the greatest common factor of y and 9.
3
Let l(p) = -45*p**3 - p**2 - 2*p - 1. Let z be (6/(-9))/((-6)/(-9)). Let v be l(z). Suppose 2*f - 5*f + 90 = 0. Calculate the greatest common factor of f and v.
15
Suppose -5*y + f = -7, 0 = y - 5*f - 9 - 2. Let b be y/4 + 5373/12. Suppose 118 = -5*l + b. Calculate the highest common factor of 6 and l.
6
Suppose 4*f = 18 + 94. Let c = f + -18. What is the greatest common factor of 100 and c?
10
Let y(i) = 6*i**2 - 19*i + 9. Let m be y(5). Calculate the highest common divisor of 80 and m.
16
Suppose -3*p - 5*v = -42, 4*v + 69 = -4*p + 7*p. What is the greatest common factor of 209 and p?
19
Let r be (4 + -17)/(1/(-30)). Let t = r + -246. What is the greatest common divisor of 18 and t?
18
Suppose 69 + 135 = 34*b. Calculate the highest common divisor of 870 and b.
6
Let r = 503 - 497. Calculate the highest common divisor of 4 and r.
2
Let x(m) = 15*m**2 - 3*m + 6. Let i be x(3). Let f = i + -12. Calculate the greatest common divisor of 24 and f.
24
Let d(a) = a**2 + 3*a - 13. Let x be d(-6). Suppose -x*v + 74 = -16. Calculate the highest common factor of v and 12.
6
Suppose 0 = -5*c - 8 + 18. Suppose -c*g = g - 3*d - 9, 0 = -d. Suppose 5*t + 2*s - 26 = 0, 2*t - t - 10 = 2*s. Calculate the greatest common divisor of t and g.
3
Let b = 380 - -348. Let l be (-2)/(-6) - b/(-21). What is the greatest common factor of 7 and l?
7
Let r(n) = 2*n - 33. Let z be r(13). Let y be (7/(z/58))/(-2). Calculate the highest common factor of y and 232.
29
Suppose -3*g + 216 = -g + 5*m, -5*g = -4*m - 540. Suppose -s + 10 = h - 27, -106 = -3*h + 2*s. What is the greatest common divisor of h and g?
36
Suppose 0 = -m + 5*p + 261, -886 = -5*m + 4*p + 440. What is the highest common divisor of 19 and m?
19
Let i(y) = -3*y + 22. Let w be i(-30). Calculate the greatest common divisor of w and 8.
8
Let m(y) = -3*y**2 + 4*y - 2. Let l be m(2). Let v be 248/6*l/(-4). Suppose 2*q = 2*a + 140, 43 + v = 2*q + 5*a. What is the highest common divisor of 26 and q?
13
Let u(f) = 2*f**3 - 11*f**2 + 16*f - 101. Let j be u(11). What is the greatest common divisor of 38 and j?
38
Let p(u) = -10*u**3 + 2*u**2 - u - 10. Let i be p(-2). Calculate the highest common divisor of i and 220.
20
Suppose 13*z = 24*z - 1936. Let n = -2 - -18. What is the greatest common factor of n and z?
16
Let k(j) = -3*j + 9. Let r be k(-2). What is the greatest common divisor of 435 and r?
15
Suppose 0 = 4*t - 7*t - q - 198, 0 = 3*t + 2*q + 198. Let g = 122 + t. What is the highest common factor of 8 and g?
8
Let i(v) = -v**2 - 3*v + 16. Let r be i(-13). Let p = r + 172. What is the greatest common divisor of p and 116?
58
Let g(k) = k**2 + 4. Let m be g(2). Let h = 3 - -5. Calculate the greatest common divisor of h and m.
8
Let j(o) = -o**2 + 11*o - 20. Let l be j(8). Suppose -30 = -r + l*u, 2*r + 2*u - 54 = 26. Calculate the greatest common divisor of r and 38.
38
Let d = 4 - -7. Let g be ((-6)/4)/(-3)*34. Suppose i + 3*h + 8 = 0, -5*i + 6*h = 2*h - g. Calculate the highest common factor of i and d.
1
Let m(s) = 3*s**2 - 4*s - 1. Let p be m(-1). What is the highest common factor of p and 9?
3
Let t = -1220 - -1300. What is the greatest common factor of t and 520?
40
Suppose -12 = 3*g + 2*x - 79, -3*g + 73 = -4*x. Let o = 87 - -122. Let y = o + 21. Calculate the greatest common factor of g and y.
23
Let a(x) = -x**2 + 13*x + 16. Let w be a(14). Suppose -6*o + 242 = w. What is the greatest common factor of o and 24?
8
Let f = 341 + -332. Let k(m) = -m**3 - 8*m**2 - 6*m + 9. Let t be k(-9). What is the greatest common factor of f and t?
9
Let w(p) = 7*p - 4*p - p + 1. Let r be w(4). Suppose -r*f - 12 = -12*f. Calculate the greatest common factor of f and 4.
4
Suppose 0*h + 2*h = -4. Let c = 18 + h. Let k = 20312 + -20264. Calculate the highest common factor of c and k.
16
Suppose 23 = 4*p + 7, -5*x - 5*p - 75 = 0. Let y = 23 + x. Let c be 2/(-5) + 284/10. Calculate the highest common divisor of c and y.
4
Suppose 5*h - 5*c = 5, -c + 4 = 4*h - 2*c. Let b be h/(-6) + 27605/30. Let u be b/104 - 4/(-26). What is the highest common divisor of 72 and u?
9
Suppose 9*x - 147 = 2*x. Let g be 469/x + 3/(-9). Calculate the greatest common divisor of g and 198.
22
Suppose -3*z - 5*o = -124, -8*z - 4*o = -7*z - 32. What is the highest common divisor of 180 and z?
12
Let v be (-8 + 11/2)/(1/(-2)). Suppose v*p + 134 + 166 = 3*z, 0 = 2*z - 2*p - 200. Calculate the highest common factor of 20 and z.
20
Let c = 125 - 14. Calculate the greatest common factor of 148 and c.
37
Let z(c) = -7*c - 2. Let q be z(-5). Suppose 506*g = 5*f + 507*g - 22, 4*f - 5*g = -23. Calculate the highest common divisor of f and q.
3
Suppose -10*x - 3*i = -8*x + 13, 0 = 3*x - 2*i - 13. Let p = 7 - 4. What is the highest common divisor of p and x?
1
Let g = 546 - 514. What is the greatest common divisor of g and 216?
8
Let n(q) = -6*q - 63. Let x be n(-38). What is the greatest common divisor of 33 and x?
33
Suppose 2*d + 162 = -4*d. Let l = -30 - d. Let p be l*((-46)/3)/2. What is the greatest common divisor of p and 115?
23
Let v(w) be the secon